e f*m - 4 = m. Suppose 0 = p - 3*p - m*u + 38, -5*u = 5*p - 80. Calculate the highest common factor of p and 13.
13
Suppose 3*s = -2*r + 418, -22*r - 3*s = -17*r - 1027. What is the highest common divisor of r and 7?
7
Let i = -38 - -60. Let g = 231 - -11. What is the highest common factor of g and i?
22
Suppose 38*o = 41*o - 156. What is the greatest common divisor of o and 13?
13
Let h be 4/(-3)*(-6)/4. Let m = 15 + -15. Suppose 5*g - 423 = 3*l, l - 167 = -h*g - m*l. Calculate the greatest common divisor of g and 12.
12
Suppose -723*b = -734*b + 242. What is the greatest common divisor of 1 and b?
1
Suppose -2*a = -2, -5*y - 2*a - 78 = 10. Let z = -14 - y. Calculate the greatest common divisor of 12 and z.
4
Let s(y) = -y + 9. Let w be s(0). Let v = -3 + w. Suppose -f - 90 = -v*f. What is the highest common factor of f and 2?
2
Suppose 336 = 27*u + u. What is the greatest common divisor of u and 84?
12
Let o = 115 + -239. Let g = -61 - o. What is the greatest common divisor of 9 and g?
9
Suppose -3*x = -39 - 3. Calculate the greatest common factor of x and 70.
14
Suppose -8*i + 6*i + 42 = -3*d, 6 = 3*d. What is the highest common factor of 384 and i?
24
Let p(j) = 4*j**2 - 5*j + 25. Let c(s) = -s**2 + s + 1. Let v(g) = 3*c(g) + p(g). Let o be v(0). What is the greatest common divisor of 14 and o?
14
Suppose -12*h = -5*s - 17*h + 10435, s - 3*h - 2079 = 0. Calculate the highest common divisor of s and 15.
15
Let n(f) = 7*f - 2. Let l be n(2). Suppose -14 = 38*s - 45*s. Calculate the greatest common divisor of l and s.
2
Let h = -45 - -39. Let p(g) = 2*g**2 + 12*g + 24. Let b be p(h). Calculate the highest common factor of 48 and b.
24
Let i(s) be the third derivative of -s**4/4 + 19*s**3/3 + 3*s**2 - 2. Let n be i(4). Calculate the greatest common divisor of 35 and n.
7
Let m(q) = 2*q**2 + 50*q + 479. Let k be m(-17). What is the highest common divisor of 23 and k?
23
Suppose 0 = 2*o - 3*o + 17. Calculate the greatest common divisor of 17 and o.
17
Let s = 483 - 418. Let a = -29 - -42. Calculate the highest common divisor of s and a.
13
Let k be 80/20*10/4. Suppose 5*c = k*c - 55. Calculate the highest common divisor of 99 and c.
11
Let u = -4 + 7. Suppose -3*w + 2*r + 41 + 5 = 0, 2*w + r = 19. Suppose -u*f = -3 - w. Calculate the greatest common factor of 15 and f.
5
Suppose -7*u + 3*z = -12*u + 65, -2*u + 35 = 3*z. Suppose -6 = m + 2*m, 2*x = 4*m + u. Calculate the highest common divisor of x and 13.
1
Let o be -6 + (28/6)/(31/93). Calculate the greatest common factor of o and 120.
8
Suppose -5*x + 6 = -3*t - 4, -2*t = 4*x - 30. Suppose -3*b = -62 - 73. Calculate the highest common factor of b and x.
5
Let l be -6 - 19/((-133)/238). What is the highest common divisor of l and 28?
28
Suppose 0 = 3*g + 5*c - 205, -g - c - 3*c + 80 = 0. Suppose -4*b + 7*b = g. Calculate the greatest common divisor of b and 320.
20
Let u be 18/8 + 3/(-12). Suppose 0 = -2*b - u, o - 3*b + 47 = 2*o. Calculate the greatest common factor of 20 and o.
10
Let w = 3 - -217. Calculate the highest common factor of w and 20.
20
Suppose o + 86 = 3*o. Let l = o - 26. What is the highest common factor of l and 17?
17
Let w be (-1 - -2)/((-2)/(-4)). Suppose 3*f + 5*g = -16, w*f - 5*g = -0*f + 6. Let n = f - -21. Calculate the greatest common factor of 114 and n.
19
Let c be (4/3)/(11/693). Calculate the greatest common factor of 42 and c.
42
Let a(h) = -4 + h + 0*h + 0*h - 4*h + h**2. Let k be a(-2). What is the greatest common factor of 18 and k?
6
Suppose -5*d - 1772 = -10*d - 4*a, 0 = 2*d - 4*a - 692. Calculate the greatest common factor of d and 11.
11
Let b(m) = 3*m**2 + 11*m - 63. Let x be b(-8). Calculate the greatest common factor of 205 and x.
41
Suppose 4*u - 5 = s - 2, -3*s - 3*u = -36. Let p be 7/21 + (-483)/s*-1. Calculate the highest common divisor of 6 and p.
6
Let u be (-24)/32 + 77/(-4). Let d = -16 - u. What is the greatest common divisor of d and 36?
4
Let t(b) = -26*b**3 - 6*b - 16. Let u be t(-2). What is the greatest common divisor of u and 96?
12
Let i(z) = z - 2. Let u be i(21). What is the greatest common factor of 76 and u?
19
Let p be -1 + -1 + -1 + -79 + 214. What is the highest common factor of 33 and p?
33
Let v be ((-6)/(-21))/(((-136)/(-224))/17). What is the highest common factor of 32 and v?
8
Suppose 4*p + 9 + 7 = 4*w, 3*w + 20 = -5*p. Suppose w = -34*d + 39*d - 5. Let y be (2/5)/(d/110). What is the greatest common divisor of 11 and y?
11
Suppose 3*r = -6, 0*h + 3*h = 3*r - 6. Let z be (-1391)/(-52) - (-3)/h. Calculate the greatest common factor of z and 13.
13
Let g = 315 - 91. Calculate the greatest common divisor of g and 32.
32
Suppose -4*o + 791 = -89. Suppose -3 = -2*s - 11, s - o = -4*y. Suppose 3*i + 4*i = y. What is the highest common factor of 64 and i?
8
Suppose 0 = 4*a - 5*a + 2. Let n(v) = -61*v**2 + v - 2. Let g be n(a). Let u = g + 406. Calculate the greatest common divisor of u and 18.
18
Let i = -32 - -36. Suppose 20 = 4*o - i. Calculate the highest common factor of o and 30.
6
Let x(p) = 6*p - p**2 + 1 - 18 + 7*p. Let g be x(9). What is the greatest common divisor of 171 and g?
19
Let f(c) = 2*c**2 - 4. Let t be f(-2). Suppose 2*y - 25 = 4*w - 5*w, -y = -t. Let p = 18 - w. What is the greatest common factor of p and 4?
1
Let m be (-5)/15 - 97/(-3). Let f be 4/18 + 30/(-135). Suppose -5*b + 7*b - 32 = f. Calculate the greatest common factor of m and b.
16
Suppose 0 = 4*o + 483 - 1295. Let b = 69 - 40. What is the greatest common divisor of b and o?
29
Suppose -4*q + 3 = -37. Suppose -248 = -4*p - 2*i, 4*p + 2*i - 308 = -p. Suppose -h = h - q, 5*t - p = -2*h. What is the greatest common divisor of 5 and t?
5
Suppose 20*w - 1314 = 5086. Calculate the highest common factor of 80 and w.
80
Suppose -3*u - 6 = -36. Suppose -6*h + u = -44. Calculate the highest common factor of h and 63.
9
Let r be 1/(5 + (-903)/180)*-1. What is the highest common divisor of 210 and r?
30
Suppose -2*v - 3*a = -90, 4*v - a = 165 + 29. Suppose 3*l + 9 = 0, 13*y - 12*y = l. Let u be 4*6*(-2)/y. Calculate the highest common divisor of v and u.
16
Let z be (9 + -14)*6/(-5). Suppose -2 = -3*y + 25. Calculate the highest common divisor of y and z.
3
Let i = -17 + 20. Suppose -3*c = 5*n - 47, -5*c - i*n + 20 = -37. Let h = c - -5. What is the highest common factor of h and 126?
14
Suppose u + o + 0*o = 14, -2 = 2*o. Suppose l + 11 = u. Suppose 3*b - 4 = -2*j, -5*j + 5*b = l*b - 27. Calculate the highest common factor of j and 45.
5
Suppose 4*w + 15 + 13 = 0. Let x(u) = u**2 + 3*u - 10. Let q be x(w). Let f = -19 - -217. Calculate the greatest common divisor of f and q.
18
Let g(a) = -4*a**3 - 2*a**2 + 3 + 1 - 3. Let d be g(-1). Suppose -p + 612 = d*p - l, 0 = 3*p + 5*l - 459. Calculate the highest common factor of p and 17.
17
Let n(y) = 5*y. Let p be n(1). Suppose -201 = -p*b + 79. Suppose -49 - b = -5*i. Calculate the greatest common divisor of i and 3.
3
Let c = 341 - 315. What is the greatest common factor of c and 364?
26
Let h = 851 + -680. Calculate the highest common divisor of h and 19.
19
Let s = 1 - 4. Let p be -26*(-3)/24 - s/4. Calculate the greatest common factor of p and 12.
4
Suppose 0 = y + 3*c - 17, -4*y = -0*c - 3*c - 38. What is the highest common divisor of 44 and y?
11
Suppose -3*u - 4*s = 2*u - 25, 3*s + 10 = 2*u. Suppose -z = u*z + 192. Let i be (-8)/z - 46/(-8). What is the greatest common factor of i and 42?
6
Let j be ((-10)/(-25))/(3/(-195)). Let w be (44/(-6))/(j/819). What is the highest common divisor of 21 and w?
21
Suppose 19*k - 6*k = 12636. What is the greatest common divisor of 12 and k?
12
Let w = -854 + 1448. What is the greatest common factor of w and 12?
6
Let j be (-2)/9 + (-58)/(-18). Let c(o) = o**2 + 2*o + 24. Let d be c(0). Let w be (-6)/4 - (-324)/d. What is the highest common factor of w and j?
3
Let d(r) = -r**3 + r + 77. Let w be d(0). Let l = 90 - w. What is the highest common factor of l and 26?
13
Let q be 210/35*(-1 + 3). Calculate the highest common factor of 48 and q.
12
Suppose 0*a = 4*a - 72. Let z = -18 + a. Suppose z = 2*h - 3*h + 45. Calculate the greatest common factor of 5 and h.
5
Suppose 5*a = -1248 + 4813. Calculate the highest common factor of 31 and a.
31
Let p = 31 + -61. Let x be 2